{"id":206,"date":"2022-01-21T11:29:57","date_gmt":"2022-01-21T14:29:57","guid":{"rendered":"http:\/\/www.grupocma.com.br\/cma\/wordpress\/?page_id=206"},"modified":"2022-02-18T13:55:38","modified_gmt":"2022-02-18T16:55:38","slug":"jundiai","status":"publish","type":"page","link":"https:\/\/www.grupocma.com.br\/cma\/wordpress\/jundiai\/","title":{"rendered":"Unidades"},"content":{"rendered":"<style id=\"kt-blocks_f023b9-f5\">@media all and (min-width: 768px){#kt-layout-id_f023b9-f5 > .kt-row-column-wrap > .inner-column-1{flex:0 1 50%;-webkit-flex:0 1 50%;}#kt-layout-id_f023b9-f5 > .kt-row-column-wrap > .inner-column-2{flex:0 1 50%;-webkit-flex:0 1 50%;}}<\/style>\n<div class=\"wp-block-kadence-rowlayout alignnone\"><div id=\"kt-layout-id_f023b9-f5\" class=\"kt-row-layout-inner kt-layout-id_f023b9-f5\"><div class=\"kt-row-column-wrap kt-has-2-columns kt-gutter-default kt-v-gutter-default kt-row-valign-top kt-row-layout-equal kt-tab-layout-inherit kt-m-colapse-left-to-right kt-mobile-layout-row  kt-custom-first-width-50  kt-custom-second-width-50\"><style id=\"kt-blocks_fddbf3-f3\">.kt-row-layout-inner > .kt-row-column-wrap > .kadence-column_fddbf3-f3 > .kt-inside-inner-col{margin-right:20px;margin-left:20px;}<\/style>\n<div class=\"wp-block-kadence-column inner-column-1 kadence-column_fddbf3-f3\"><div class=\"kt-inside-inner-col\">\n<h2 class=\"has-text-align-center wp-block-heading\" id=\"campinas\">Campinas<\/h2>\n\n\n\n<h6 class=\"has-text-align-center wp-block-heading\" id=\"horario-de-atendimento\">Hor\u00e1rio de atendimento:<\/h6>\n\n\n\n<p>Domingo &#8211; Fechado<br>Segunda-feira &#8211; 07:00 &#8211; 17:00<br>Ter\u00e7a-feira &#8211; 07:00 &#8211; 17:00<br>Quarta-feira &#8211; 07:00 &#8211; 17:00<br>Quinta-feira &#8211; 07:00 &#8211; 17:00<br>Sexta-feira &#8211; 07:00 &#8211; 17:00<br>S\u00e1bado &#8211; Fechado<\/p>\n\n\n\n<iframe src=\"https:\/\/www.google.com\/maps\/embed?pb=!1m18!1m12!1m3!1d3675.377360952506!2d-47.06450328540048!3d-22.89944814336543!2m3!1f0!2f0!3f0!3m2!1i1024!2i768!4f13.1!3m3!1m2!1s0x94c8c8adc20be5bf%3A0xfaa953f1464fdf0!2sAv.%20Francisco%20Glic%C3%A9rio%2C%201766%20-%20Centro%2C%20Campinas%20-%20SP%2C%2013012-100!5e0!3m2!1spt-BR!2sbr!4v1642776067398!5m2!1spt-BR!2sbr\" width=\"600\" height=\"450\" style=\"border:0;\" allowfullscreen=\"\" loading=\"lazy\"><\/iframe>\n<\/div><\/div>\n\n\n<style id=\"kt-blocks_56b195-dd\">.kt-row-layout-inner > .kt-row-column-wrap > .kadence-column_56b195-dd > .kt-inside-inner-col{margin-right:20px;margin-left:20px;}<\/style>\n<div class=\"wp-block-kadence-column inner-column-2 kadence-column_56b195-dd\"><div class=\"kt-inside-inner-col\">\n<h2 class=\"has-text-align-center wp-block-heading\" id=\"jundiai\">Jundia\u00ed<\/h2>\n\n\n\n<h6 class=\"has-text-align-center wp-block-heading\" id=\"horario-de-atendimento\">Hor\u00e1rio de atendimento:<\/h6>\n\n\n\n<p>Domingo &#8211; Fechado<br>Segunda-feira &#8211; 07:00 &#8211; 17:00<br>Ter\u00e7a-feira &#8211; 07:00 &#8211; 17:00<br>Quarta-feira &#8211; 07:00 &#8211; 17:00<br>Quinta-feira &#8211; 07:00 &#8211; 17:00<br>Sexta-feira &#8211; 07:00 &#8211; 17:00<br>S\u00e1bado &#8211; Fechado<\/p>\n\n\n\n<iframe src=\"https:\/\/www.google.com\/maps\/embed?pb=!1m18!1m12!1m3!1d3667.384773198067!2d-46.8934120853932!3d-23.192644153963354!2m3!1f0!2f0!3f0!3m2!1i1024!2i768!4f13.1!3m3!1m2!1s0x94cf26972e6c4fb3%3A0xe10b390dafd5a007!2sAv.%20Francisco%20Pereira%20de%20Castro%2C%20358%20-%20Anhangaba%C3%BA%2C%20Jundia%C3%AD%20-%20SP%2C%2013208-110!5e0!3m2!1spt-BR!2sbr!4v1642775247491!5m2!1spt-BR!2sbr\" width=\"600\" height=\"450\" style=\"border:0;\" allowfullscreen=\"\" loading=\"lazy\"><\/iframe>\n<\/div><\/div>\n<\/div><\/div><\/div>\n","protected":false},"excerpt":{"rendered":"<p>Campinas Hor\u00e1rio de atendimento: Domingo &#8211; FechadoSegunda-feira &#8211; 07:00 &#8211; 17:00Ter\u00e7a-feira &#8211; 07:00 &#8211; 17:00Quarta-feira &#8211; 07:00 &#8211; 17:00Quinta-feira &#8211; 07:00 &#8211; 17:00Sexta-feira &#8211; 07:00 &#8211; 17:00S\u00e1bado &#8211; Fechado Jundia\u00ed Hor\u00e1rio de atendimento: Domingo &#8211; FechadoSegunda-feira &#8211; 07:00 &#8211; 17:00Ter\u00e7a-feira &#8211; 07:00 &#8211; 17:00Quarta-feira &#8211; 07:00 &#8211; 17:00Quinta-feira &#8211; 07:00 &#8211; 17:00Sexta-feira &#8211; 07:00 &#8211; [&hellip;]<\/p>\n","protected":false},"author":1,"featured_media":0,"parent":0,"menu_order":0,"comment_status":"closed","ping_status":"closed","template":"template-parts\/template-page-full-width.php","meta":{"footnotes":""},"class_list":["post-206","page","type-page","status-publish","hentry"],"yoast_head":"<!-- This site is optimized with the Yoast SEO plugin v18.2 - https:\/\/yoast.com\/wordpress\/plugins\/seo\/ -->\n<title>Unidades -<\/title>\n<meta name=\"robots\" content=\"index, follow, max-snippet:-1, max-image-preview:large, max-video-preview:-1\" \/>\n<link rel=\"canonical\" href=\"https:\/\/www.grupocma.com.br\/cma\/wordpress\/jundiai\/\" \/>\n<meta property=\"og:locale\" content=\"pt_BR\" \/>\n<meta property=\"og:type\" content=\"article\" \/>\n<meta property=\"og:title\" content=\"Unidades -\" \/>\n<meta property=\"og:description\" content=\"Campinas Hor\u00e1rio de atendimento: Domingo &#8211; FechadoSegunda-feira &#8211; 07:00 &#8211; 17:00Ter\u00e7a-feira &#8211; 07:00 &#8211; 17:00Quarta-feira &#8211; 07:00 &#8211; 17:00Quinta-feira &#8211; 07:00 &#8211; 17:00Sexta-feira &#8211; 07:00 &#8211; 17:00S\u00e1bado &#8211; Fechado Jundia\u00ed Hor\u00e1rio de atendimento: Domingo &#8211; FechadoSegunda-feira &#8211; 07:00 &#8211; 17:00Ter\u00e7a-feira &#8211; 07:00 &#8211; 17:00Quarta-feira &#8211; 07:00 &#8211; 17:00Quinta-feira &#8211; 07:00 &#8211; 17:00Sexta-feira &#8211; 07:00 &#8211; [&hellip;]\" \/>\n<meta property=\"og:url\" content=\"https:\/\/www.grupocma.com.br\/cma\/wordpress\/jundiai\/\" \/>\n<meta property=\"article:modified_time\" content=\"2022-02-18T16:55:38+00:00\" \/>\n<meta name=\"twitter:card\" content=\"summary_large_image\" \/>\n<meta name=\"twitter:label1\" content=\"Est. tempo de leitura\" \/>\n\t<meta name=\"twitter:data1\" content=\"1 minuto\" \/>\n<script type=\"application\/ld+json\" class=\"yoast-schema-graph\">{\"@context\":\"https:\/\/schema.org\",\"@graph\":[{\"@type\":\"WebSite\",\"@id\":\"http:\/\/www.grupocma.com.br\/cma\/wordpress\/#website\",\"url\":\"http:\/\/www.grupocma.com.br\/cma\/wordpress\/\",\"name\":\"\",\"description\":\"\",\"potentialAction\":[{\"@type\":\"SearchAction\",\"target\":{\"@type\":\"EntryPoint\",\"urlTemplate\":\"http:\/\/www.grupocma.com.br\/cma\/wordpress\/?s={search_term_string}\"},\"query-input\":\"required name=search_term_string\"}],\"inLanguage\":\"pt-BR\"},{\"@type\":\"WebPage\",\"@id\":\"https:\/\/www.grupocma.com.br\/cma\/wordpress\/jundiai\/#webpage\",\"url\":\"https:\/\/www.grupocma.com.br\/cma\/wordpress\/jundiai\/\",\"name\":\"Unidades -\",\"isPartOf\":{\"@id\":\"http:\/\/www.grupocma.com.br\/cma\/wordpress\/#website\"},\"datePublished\":\"2022-01-21T14:29:57+00:00\",\"dateModified\":\"2022-02-18T16:55:38+00:00\",\"breadcrumb\":{\"@id\":\"https:\/\/www.grupocma.com.br\/cma\/wordpress\/jundiai\/#breadcrumb\"},\"inLanguage\":\"pt-BR\",\"potentialAction\":[{\"@type\":\"ReadAction\",\"target\":[\"https:\/\/www.grupocma.com.br\/cma\/wordpress\/jundiai\/\"]}]},{\"@type\":\"BreadcrumbList\",\"@id\":\"https:\/\/www.grupocma.com.br\/cma\/wordpress\/jundiai\/#breadcrumb\",\"itemListElement\":[{\"@type\":\"ListItem\",\"position\":1,\"name\":\"In\u00edcio\",\"item\":\"http:\/\/www.grupocma.com.br\/cma\/wordpress\/\"},{\"@type\":\"ListItem\",\"position\":2,\"name\":\"Unidades\"}]}]}<\/script>\n<!-- \/ Yoast SEO plugin. -->","yoast_head_json":{"title":"Unidades -","robots":{"index":"index","follow":"follow","max-snippet":"max-snippet:-1","max-image-preview":"max-image-preview:large","max-video-preview":"max-video-preview:-1"},"canonical":"https:\/\/www.grupocma.com.br\/cma\/wordpress\/jundiai\/","og_locale":"pt_BR","og_type":"article","og_title":"Unidades -","og_description":"Campinas Hor\u00e1rio de atendimento: Domingo &#8211; FechadoSegunda-feira &#8211; 07:00 &#8211; 17:00Ter\u00e7a-feira &#8211; 07:00 &#8211; 17:00Quarta-feira &#8211; 07:00 &#8211; 17:00Quinta-feira &#8211; 07:00 &#8211; 17:00Sexta-feira &#8211; 07:00 &#8211; 17:00S\u00e1bado &#8211; Fechado Jundia\u00ed Hor\u00e1rio de atendimento: Domingo &#8211; FechadoSegunda-feira &#8211; 07:00 &#8211; 17:00Ter\u00e7a-feira &#8211; 07:00 &#8211; 17:00Quarta-feira &#8211; 07:00 &#8211; 17:00Quinta-feira &#8211; 07:00 &#8211; 17:00Sexta-feira &#8211; 07:00 &#8211; [&hellip;]","og_url":"https:\/\/www.grupocma.com.br\/cma\/wordpress\/jundiai\/","article_modified_time":"2022-02-18T16:55:38+00:00","twitter_card":"summary_large_image","twitter_misc":{"Est. tempo de leitura":"1 minuto"},"schema":{"@context":"https:\/\/schema.org","@graph":[{"@type":"WebSite","@id":"http:\/\/www.grupocma.com.br\/cma\/wordpress\/#website","url":"http:\/\/www.grupocma.com.br\/cma\/wordpress\/","name":"","description":"","potentialAction":[{"@type":"SearchAction","target":{"@type":"EntryPoint","urlTemplate":"http:\/\/www.grupocma.com.br\/cma\/wordpress\/?s={search_term_string}"},"query-input":"required name=search_term_string"}],"inLanguage":"pt-BR"},{"@type":"WebPage","@id":"https:\/\/www.grupocma.com.br\/cma\/wordpress\/jundiai\/#webpage","url":"https:\/\/www.grupocma.com.br\/cma\/wordpress\/jundiai\/","name":"Unidades -","isPartOf":{"@id":"http:\/\/www.grupocma.com.br\/cma\/wordpress\/#website"},"datePublished":"2022-01-21T14:29:57+00:00","dateModified":"2022-02-18T16:55:38+00:00","breadcrumb":{"@id":"https:\/\/www.grupocma.com.br\/cma\/wordpress\/jundiai\/#breadcrumb"},"inLanguage":"pt-BR","potentialAction":[{"@type":"ReadAction","target":["https:\/\/www.grupocma.com.br\/cma\/wordpress\/jundiai\/"]}]},{"@type":"BreadcrumbList","@id":"https:\/\/www.grupocma.com.br\/cma\/wordpress\/jundiai\/#breadcrumb","itemListElement":[{"@type":"ListItem","position":1,"name":"In\u00edcio","item":"http:\/\/www.grupocma.com.br\/cma\/wordpress\/"},{"@type":"ListItem","position":2,"name":"Unidades"}]}]}},"_links":{"self":[{"href":"https:\/\/www.grupocma.com.br\/cma\/wordpress\/wp-json\/wp\/v2\/pages\/206","targetHints":{"allow":["GET"]}}],"collection":[{"href":"https:\/\/www.grupocma.com.br\/cma\/wordpress\/wp-json\/wp\/v2\/pages"}],"about":[{"href":"https:\/\/www.grupocma.com.br\/cma\/wordpress\/wp-json\/wp\/v2\/types\/page"}],"author":[{"embeddable":true,"href":"https:\/\/www.grupocma.com.br\/cma\/wordpress\/wp-json\/wp\/v2\/users\/1"}],"replies":[{"embeddable":true,"href":"https:\/\/www.grupocma.com.br\/cma\/wordpress\/wp-json\/wp\/v2\/comments?post=206"}],"version-history":[{"count":6,"href":"https:\/\/www.grupocma.com.br\/cma\/wordpress\/wp-json\/wp\/v2\/pages\/206\/revisions"}],"predecessor-version":[{"id":667,"href":"https:\/\/www.grupocma.com.br\/cma\/wordpress\/wp-json\/wp\/v2\/pages\/206\/revisions\/667"}],"wp:attachment":[{"href":"https:\/\/www.grupocma.com.br\/cma\/wordpress\/wp-json\/wp\/v2\/media?parent=206"}],"curies":[{"name":"wp","href":"https:\/\/api.w.org\/{rel}","templated":true}]}}